 a(m). Suppose b*z - z = 6. What is the units digit of z?
2
Let h = -15 + 37. Suppose 2*g - h = 6. Let i = g + -4. What is the tens digit of i?
1
Let m(g) = 1 + g**3 + 6*g + 1 - 2*g**3 + 5 + 4*g**2. Suppose 25 = 5*o - 0. What is the units digit of m(o)?
2
Suppose -3*y + 12 = 2*y + 2*x, 4 = 2*y + x. Let p = 0 + y. What is the units digit of p?
4
Let k be (6/9)/(2/39). Suppose -42 = -k*v + 11*v. What is the units digit of v?
1
Suppose 4*d - q + 113 = -9, -2*d - 3*q - 68 = 0. Let v = d + 19. What is the units digit of ((-16)/v)/(1/6)?
8
Let i(t) = -4*t + 8. Let y be ((-9)/(-5))/((-24)/(-80)). Let u be i(y). What is the units digit of (u/12)/(4/(-6))?
2
Let b(m) = -3*m + 1. Let g(j) = -2*j**2 + 3*j - 3. Let k be g(2). What is the units digit of b(k)?
6
Let x(v) = -v**2 + 6*v - 3. Suppose -12 = -0*c - 3*c. Suppose -2*n - 5*t + 5 = 24, -2*n = -c*t - 26. What is the units digit of x(n)?
6
Let a = -91 - -182. What is the tens digit of a?
9
Suppose -5*o - 9 = -34. Suppose -g + 2*w = -3, 0*w + w = -o*g + 48. What is the units digit of g?
9
Let b(l) = -l**3 - 6*l**2 + 4*l - 6. What is the units digit of b(-7)?
5
Suppose 2*c - d - d = 12, -2*d - 4 = 2*c. Suppose 3*u = -c*u + 25. What is the units digit of u?
5
Suppose 7*k - 110 = 2*k. What is the tens digit of k?
2
Let z(l) = -3 + l**2 - 2*l - 5 + 6. Let h be z(-4). Let m = -16 + h. What is the units digit of m?
6
Let r = -34 + 114. What is the tens digit of r?
8
Let c(b) = -3*b - 11. What is the units digit of c(-10)?
9
Suppose -105 = -5*b - 0*b. Suppose 2*i - 39 = b. What is the units digit of i?
0
Let c(z) = -z**2 - 5*z + 13. What is the units digit of c(-5)?
3
Suppose 2*s + 0 = 8. Suppose -64 = -s*o - 3*k, o - 9 = k - 0*k. What is the tens digit of o?
1
Suppose -96 = -12*b + 8*b. What is the units digit of b?
4
Suppose -c + 1 = 0, -61 = -4*p + p - c. Suppose i = -i + p. Let k = i + -5. What is the units digit of k?
5
Let w be (-4)/(0 + 2) + 5. Let i be w/(-9)*0 - 2. What is the units digit of 55/10 + (-1)/i?
6
Suppose 4*k + 4*f = 3*f + 44, -32 = -k + 5*f. What is the units digit of 1 - (-1 - k*1)?
4
What is the units digit of 4/(-3)*(-72)/16?
6
Let d = -2 - -31. Suppose 3*o = -v + d, 3*v - 4*o = v + 8. What is the tens digit of v?
1
Let v(x) = -7*x - 2 + 1 + 0 - x - x**2. What is the units digit of v(-7)?
6
What is the units digit of 0 - (-8)/(-4) - -52?
0
What is the units digit of 133/(-38)*16/(-14)?
4
What is the units digit of (-2 - -58) + (-2 - (-1 + 0))?
5
Let h = -7 + 7. Let s = h - -3. Suppose s*k = 2*k + 3. What is the units digit of k?
3
Suppose -h = -2*n + h + 440, -5*h + 636 = 3*n. What is the tens digit of n?
1
Let f(z) be the third derivative of 1/10*z**5 + 1/3*z**3 + 0 + 0*z + 1/8*z**4 + 1/120*z**6 - z**2. What is the tens digit of f(-4)?
2
Suppose 5*n - 70 - 45 = 5*x, 5*x + 92 = 4*n. Suppose t - n = 3*i, -2*t + 4*i + 45 = -i. What is the units digit of t?
0
Suppose -s + 4 = s. Let z(j) = 4*j**s - 2*j**2 + 2*j + 2 - j**2. What is the units digit of z(-3)?
5
Suppose 5*a = -0*a + 80. Let s be a + (-2 - -3) + -3. Suppose -4*v = s - 98. What is the units digit of v?
1
Suppose -5*s + 2*p = -49, 5*s - 3*p - 2*p = 55. What is the units digit of s?
9
Let v = 7 - -4. Let c = v + -3. Suppose 0*t + 4*b + 16 = 2*t, -t + 3*b = -c. What is the units digit of t?
8
Suppose -1 + 19 = -3*d. Let f = d - -9. What is the units digit of f?
3
Let s(h) = h**2 + 9*h - 7. Let j be s(-11). What is the units digit of (-39)/(-15) + 6/j?
3
Suppose -3*w + 30 = -42. What is the tens digit of w?
2
Let r = 114 - 45. What is the tens digit of r?
6
Suppose 18 = 2*x - 0. Suppose 0 = -x*a + 4*a - 40. Let h(l) = -l**2 - 8*l + 2. What is the units digit of h(a)?
2
Let n(w) = w**3 - 5*w**2 - 6*w + 2. Let g be n(6). Suppose 0*u = -k - 4*u - 8, u = g*k - 29. What is the units digit of k?
2
Let y = 8 - 1. What is the units digit of y?
7
Let r(v) = 3*v**3 + 11*v**2 + 7*v + 8. Let o(u) = -7*u**3 - 22*u**2 - 13*u - 17. Let t(s) = 2*o(s) + 5*r(s). What is the units digit of t(-10)?
6
Let o(b) = -5*b - 46. Let h(g) = -3*g + 0 + 4*g + 0 + 9. Let l(s) = -11*h(s) - 2*o(s). What is the units digit of l(-11)?
4
Let u be -2 - (-1 + (-3 - -1)). What is the units digit of 1/(u/17) + 1?
8
Let v be 2/(-4)*(-2)/1. Suppose 5*f - 10 = 5*m, -2*f + 3*f = -5*m + 20. Let a = v + m. What is the units digit of a?
4
Suppose -r - 2*d + 9 = 0, 4*r + 3*d - 18 = 2*r. Let j(o) = -o + 22. Let w be j(r). Suppose -w = -2*f + 1. What is the units digit of f?
7
Let z(j) = -j**2 + 8*j - 3. Suppose 10*x - 35 = 5*x. What is the units digit of z(x)?
4
Suppose 5*f - 110 = 90. What is the tens digit of f?
4
Suppose -5*c = -z + 6, 0 = -z - 2*z + 2*c + 44. Suppose 82 = 3*j + z. What is the units digit of j?
2
Let x = -7 - -6. What is the units digit of 4 + x + 4/1?
7
Let l = 90 - -125. What is the units digit of l?
5
Suppose -5*l + 5*a = -180, 4*l - 2*a - 150 + 2 = 0. Suppose 4*t - 2*z = l, 0*z - 8 = -t - z. Let v = -1 + t. What is the units digit of v?
8
Suppose -4*k + 2*d = -234, -8*k + 3*k + 255 = 5*d. What is the units digit of k?
6
Let x(p) = 4*p + 1. Let l be x(2). Let n(k) = k**3 - 8*k**2 - 8*k + 2. What is the tens digit of n(l)?
1
Let y = 95 + -38. Suppose -3*u + 249 = 5*x, -u = x - 4*u - y. Suppose 0 = 2*b - 5*b + x. What is the tens digit of b?
1
Let n(t) = -t**2 + 10*t - 12. Let d(g) = -3*g**2 + 30*g - 35. Let q(x) = -6*d(x) + 17*n(x). Let j be q(9). Let p = 9 - j. What is the tens digit of p?
1
Let h(q) be the first derivative of q**4/4 + 7*q**3/3 + 7*q**2/2 + 8*q + 1. Let v be (-20)/2 - -1 - -3. What is the units digit of h(v)?
2
Let n(o) = 4*o**2 + o - 3. What is the tens digit of n(3)?
3
Suppose -5*z + 10 + 15 = 0. Suppose -s - 76 = -z*s. What is the units digit of s?
9
Suppose 2*n - t = -3*t - 6, 23 = -n - 5*t. Suppose -n*m - 4*m = -150. What is the units digit of m?
5
Suppose -2*h - 2 = -0*h. Let w(v) = -6*v. Let z be w(h). Suppose -z*x - 15 = -5*a - 4*x, 0 = -4*x - 20. What is the units digit of a?
1
What is the units digit of (-8)/44 - 530/(-11)?
8
Suppose 2*t - 4*t = -4. Let g be -3*(-1 + 2/1). Let z = t - g. What is the units digit of z?
5
Let r(g) = 3*g**3 - g**2 - g + 1. Let m be r(1). Suppose m*b = 2*w - b - 40, 4*b - 77 = -5*w. Suppose -2*n + 9 = -w. What is the units digit of n?
3
Suppose 0 = -3*w + 5*f + 15, -5*w - 6*f = -2*f + 12. Suppose -5*m = -3*r + 17, -24 = 5*m - 0*r + 4*r. Let v = w - m. What is the units digit of v?
4
Let m be (18/(-8))/(2/8). What is the units digit of 6 + m/(-1 - 2)?
9
What is the tens digit of 4/(-5) - (-3681)/45?
8
Let w(s) = -s + 7. Let a(p) = p**3 - 4*p**2 + 5. Let m be a(4). Let f be w(m). Suppose -f*u - 2*u - 3*c = -32, -2*u = 4*c - 6. What is the tens digit of u?
1
Let m(w) = w**3 + 19*w**2 + 25*w - 15. What is the units digit of m(-17)?
8
Suppose -110 = -4*x + 34. What is the units digit of x?
6
Let s be (-2)/(8/2)*-2. Suppose q - 2*q = -5. Suppose 6 - s = q*c. What is the units digit of c?
1
Let s = -4 + 6. Suppose 12 = s*o + 2*o. What is the units digit of o?
3
Suppose b = 2*b + 8. Let n(w) = -4 + 2*w + 4 - 3*w + 4. What is the tens digit of n(b)?
1
Suppose -5*o = -h - 467, 2*o = -2*h - 3*h + 176. What is the units digit of o?
3
Suppose -2*p + 2*t = 6, p - 6 = -0*p - 2*t. Let y be (-13 + 1 + -1)*-1. Suppose 2*m + m - 3 = 4*j, p = -2*m - j + y. What is the units digit of m?
5
Suppose -6*q = -q - 15. Suppose 0 = -q*h + 6. Suppose 18 = s + h. What is the units digit of s?
6
Let z(b) = b**3 - 8*b**2 + b - 8. Let s be z(8). Let q(w) = -w + 11. What is the tens digit of q(s)?
1
Let w(v) = 9*v**2 - 2. What is the units digit of w(5)?
3
Let q = 248 + -101. What is the hundreds digit of q?
1
Let j(l) = 9*l + 15. What is the tens digit of j(5)?
6
Let p = -52 + 96. What is the units digit of p?
4
Let g = 0 - 1. Let z be g/(((-1)/5)/1). Suppose d - 10 = 2*t + z, -3*t = 15. What is the units digit of d?
5
Let u be (-2)/2*(2 + -7). Let i be ((-8)/u)/((-8)/20). Suppose 0 = -l + r + 1, 0 = 4*l - 9*l + i*r + 6. What is the units digit of l?
2
Suppose 3*n - 2*n - 5 = 0. Suppose -2 - 14 = -2*d + 2*k, -40 = -n*d + 4*k. Suppose -2*i + 20 = 2*h - d, 2*h = 5*i - 49. What is the tens digit of i?
1
Suppose 2*a - 4*p - 7 = -27, 28 = -4*a + 4*p. Suppose 3*s = -4*j + 20, s + 6*j - 2*j = 12. What is the units digit of (-2)/a - (-34